- 7. What is j(4)?
13
Let b(j) = -18*j**2. Give b(-1).
-18
Let y(x) = -x**3 + 5*x**2 + 7*x - 13. Calculate y(6).
-7
Let q(v) = v**3 - 38*v**2 + 71*v + 9. What is q(36)?
-27
Let j(q) = -q**3 + 3*q**2 - 3*q + 2. Calculate j(3).
-7
Let u(n) = -n**2 + 15*n - 18. What is u(15)?
-18
Let v(a) = -a**2 + 4*a + 10. Determine v(6).
-2
Let i(w) = -5*w + 36. Calculate i(10).
-14
Let f(n) = n**2 + 7*n + 4. Calculate f(-3).
-8
Let p(y) = -10*y - 8. Determine p(6).
-68
Let m(y) = y**3 - 15*y**2 - 16*y + 7. Give m(16).
7
Let o(b) = -b + 29. Calculate o(0).
29
Let n(t) = 51*t**3 + 2*t**2 + 3*t - 4. What is n(1)?
52
Let y(q) = 2*q**2 + 5*q + 4. What is y(-3)?
7
Let l(a) = 3*a**2 - 38*a + 9. Calculate l(14).
65
Let f(q) = 2*q**2 + 2*q - 1. Determine f(3).
23
Let t(l) = -12*l - 52. Calculate t(-11).
80
Let j(x) = x**3 + 7*x**2 + 3*x + 1. What is j(-5)?
36
Let w(h) = -28*h - 342. What is w(-12)?
-6
Let m(c) = -c + 1. Calculate m(0).
1
Let y(t) = -8*t**2 + 2*t + 6. Give y(3).
-60
Let h(n) = n**3 - 7*n**2 - 7*n - 8. Calculate h(8).
0
Let i(b) = -b**2 - 38*b + 119. Give i(3).
-4
Let f(j) = j**3 + 7*j**2 - 8*j + 6. Give f(-8).
6
Let k(s) = -2*s**3 - 6*s**2 + 3*s + 5. Give k(-5).
90
Let m(p) = 8*p**3 + 2*p**2 - 2*p. Calculate m(1).
8
Let v(b) = -b**3 + 4*b**2 + 9*b - 10. Determine v(5).
10
Let q(o) = -2*o**2 - 15*o - 41. What is q(-7)?
-34
Let s(m) = m**3 + 28*m**2 - 2*m - 41. Determine s(-28).
15
Let z(i) = -i**3 - 21*i**2 + i + 9. Give z(-21).
-12
Let m(f) = f**3 - 10*f**2 + 9*f + 49. What is m(8)?
-7
Let n(r) = -r - 20. What is n(-13)?
-7
Let k(o) = -o**2 + 6*o - 10. Determine k(2).
-2
Let z(q) = q**3 - 11*q**2 + 13*q - 33. What is z(10)?
-3
Let j(x) = x**3 - 21*x**2 + 21*x - 21. What is j(20)?
-1
Let n(a) = a**2 - 78*a + 790. Give n(12).
-2
Let f(z) = -z**3 - 12*z**2 + 11*z - 39. Calculate f(-13).
-13
Let u(l) = 9*l. Give u(-2).
-18
Let j(b) = -b**3 + 2*b**2 + 2. What is j(-2)?
18
Let u(v) = 2*v + 18. Determine u(3).
24
Let m(l) = l + 4. Give m(-5).
-1
Let q(s) = 42*s - 3. Give q(-1).
-45
Let j(c) = c**3 + 4*c**2 - 4*c - 12. Determine j(-5).
-17
Let n(m) = 85*m - 263. What is n(3)?
-8
Let n(v) = -v**2 + 2. What is n(3)?
-7
Let s(b) = -2*b - 3. Give s(0).
-3
Let v(t) = 2*t**2 - 6*t - 6. Determine v(5).
14
Let k(p) = p**2 + 10*p + 21. What is k(-5)?
-4
Let c(b) = -9*b + 88. Give c(20).
-92
Let k(n) = 34*n + 24. Calculate k(-3).
-78
Let y(q) = -q + 26. Calculate y(11).
15
Let d(j) = -j**3 - 7*j**2 - 7*j - 11. Give d(-5).
-26
Let b(j) = -j**3 - j**2 + 6*j - 3. Calculate b(-3).
-3
Let t(j) = -j**3 - 13*j**2 + 15*j + 8. What is t(-14)?
-6
Let v(o) = o**3 - 7*o**2 + 2*o - 3. Calculate v(7).
11
Let o(w) = -2*w**2 - 2*w - 1. Calculate o(-4).
-25
Let t(d) = d**3 - 27*d**2 + 25*d + 17. What is t(26)?
-9
Let g(m) = -m**2 + 5*m + 26. Give g(11).
-40
Let u(c) = c**3 - 7*c**2 - 5*c - 5. Determine u(7).
-40
Let d(r) = -2*r - 3. Calculate d(12).
-27
Let h(b) = -b**2 + 6*b + 12. What is h(8)?
-4
Let z(t) = -2*t**2 + 2*t + 1. Give z(4).
-23
Let d(v) = v**3 + 5*v**2 + 5*v + 2. Determine d(-3).
5
Let g(b) = -b**2 - 154*b + 638. Determine g(4).
6
Let s(w) = -w**2 - 2*w + 7. Determine s(3).
-8
Let b(a) = a**3 - 4*a**2 + 3*a - 4. What is b(4)?
8
Let d(r) = -3*r + 7. Calculate d(2).
1
Let g(x) = x**2 - 5*x - 15. Give g(7).
-1
Let c(t) = t**2 - 13*t - 9. What is c(16)?
39
Let b(v) = 256*v + 249. Give b(-1).
-7
Let j(u) = -u**3 + 5*u**2 - 4*u + 19. Determine j(5).
-1
Let k(r) = -r**3 - 6*r**2 + 26*r + 117. Calculate k(-7).
-16
Let c(x) = -x + 27. Calculate c(12).
15
Let o(l) = -l**2 + 10*l - 4. What is o(11)?
-15
Let w(m) = m**2 - 4*m + 6. Give w(4).
6
Let t(a) = -5*a - 122. Determine t(-23).
-7
Let d(x) = -x**3 + 6*x**2 - 8*x + 12. Calculate d(5).
-3
Let c(v) = 2*v**3 + v**2 - 3*v + 2. Determine c(1).
2
Let y(k) = 5*k**2 - 45*k - 1. What is y(9)?
-1
Let a(s) = -s**2 + 66*s - 412. Determine a(7).
1
Let y(h) = -22*h**3 + 1. Give y(1).
-21
Let l(q) = -q - 3. Determine l(-5).
2
Let p(o) = -o**3 + 5*o**2 - o - 15. What is p(4)?
-3
Let c(h) = h**2 - 2*h + 5. Give c(7).
40
Let c(w) = -2*w. Determine c(-10).
20
Let o(l) = -l**3 + 8*l**2 - 14*l + 30. Give o(6).
18
Let t(i) = -2*i**2 + 2*i + 2. Calculate t(3).
-10
Let h(x) = 3*x**2 - 29*x - 12. Give h(10).
-2
Let f(c) = -c**2 - 6*c + 3. Determine f(-5).
8
Let i(d) = 2*d**2 + 23*d - 29. Calculate i(-13).
10
Let c(i) = -i**2 + i + 21. Calculate c(8).
-35
Let j(f) = 35*f**2 - 5*f + 4. Calculate j(1).
34
Let w(i) = 3*i - 13. Give w(5).
2
Let i(q) = -16*q - 13. Calculate i(-4).
51
Let w(j) = -j**3 + 13*j**2 - 20*j - 15. Give w(11).
7
Let p(d) = 11*d**3 - d**2 + 3*d + 3. Determine p(-1).
-12
Let i(g) = -g + 5. Determine i(-13).
18
Let p(f) = 2*f**2 + 74*f - 90. What is p(-38)?
-14
Let z(d) = -4*d**2 - 51*d + 7. Determine z(-13).
-6
Let y(i) = -4*i + 52. Determine y(16).
-12
Let f(c) = -c**2 - 2*c + 19. Determine f(0).
19
Let j(o) = 11*o - 4. Determine j(-1).
-15
Let i(x) = -13*x - 127. What is i(-9)?
-10
Let y(o) = o**3 + 9*o**2 + o + 13. Determine y(-9).
4
Let i(d) = d**2 - d - 6. Give i(5).
14
Let l(b) = 3*b**2 - 11*b + 22. Give l(6).
64
Let b(n) = -2*n**2 - 55*n + 39. What is b(-27)?
66
Let m(g) = g**3 - 10*g**2 - 12*g + 2. Calculate m(11).
-9
Let f(k) = -5*k**3 + 4*k - 2. Give f(1).
-3
Let k(z) = -26*z + 98. Calculate k(4).
-6
Let d(w) = -w**2 + 2*w + 4. Calculate d(8).
-44
Let h(n) = -n**2 + 9*n + 6. Determine h(9).
6
Let u(v) = 3*v - 18. What is u(13)?
21
Let v(n) = -10*n + 200. Calculate v(20).
0
Let w(y) = -y**3 - 6*y**2 + y - 8. Calculate w(-6).
-14
Let l(s) = -s**3 + 5*s**2 + 8*s + 5. What is l(7)?
-37
Let s(o) = 2*o**2 + 17*o + 6. Calculate s(-9).
15
Let m(j) = 3*j + 2. Calculate m(-1).
-1
Let p(g) = -g**2 + 10*g - 1. What is p(10)?
-1
Let j(o) = 3*o + 25. Calculate j(-6).
7
Let y(m) = -m**2 + 17*m - 53. Calculate y(12).
7
Let r(p) = 3*p + 55. What is r(-20)?
-5
Let u(b) = b**3 + 5*b**2 + 6*b - 2. Give u(-4).
-10
Let j(c) = c**3 + 23*c**2 + 20*c - 24. Calculate j(-22).
20
Let j(i) = i**3 - 20*i**2 - 45*i + 33. What is j(22)?
11
Let w(y) = -y**2 - 9*y - 17. Give w(-6).
1
Let c(y) = 2*y**2 + 11*y - 13. Give c(-6).
-7
Let d(n) = -3*n**2 - 28*n - 5. What is d(-9)?
4
Let j(v) = 2*v**3 + 12*v**2 - 14*v - 9. What is j(-7)?
-9
Let y(m) = m**3 + 3*m - 7. What is y(4)?
69
Let b(m) = -m**3 + 8*m**2 - 6*m - 8. What is b(6)?
28
Let y(x) = -2*x + 5. Give y(6).
-7
Let k(q) = q**2 + 15*q - 12. Calculate k(-16).
4
Let a(m) = -4*m - 9. What is a(-1)?
-5
Let m(o) = o**3 + 7*o**2 + 7*o - 10. Determine m(-7).
-59
Let g(c) = -2*c**2 - 6*c + 3. Give g(-1).
7
Let n(y) = 2*y**2 - 19*y + 18. Determine n(8).
-6
Let n(g) = g + 4. Calculate n(-14).
-10
Let g(u) = -u**3 - 15*u**2 - 14*u + 2. Calculate g(-14).
2
Let p(x) = x**2 + 18*x + 30. Give p(-12).
-42
Let y(c) = -2*c**2 + c + 16. Calculate y(-3).
-5
Let o(v) = -v**3 - 61*v**2 - 7*v - 422. Calculate o(-61).
5
Let d(h) = -h**3 - 7*h**2 + 6*h + 14. Give d(-7).
-28
Let j(u) = -u**3 - 7*u**2 + 11*u + 4. Determine j(-8).
-20
Let q(x) = -12*x + 4. Calculate q(3).
-32
Let k(o) = -14*o - 17. What is k(-4)?
39
Let j(o) = o**3 - 9*o**2 - 10. Determine j(9).
-10
Let v(a) = -12*a**3 + 7*a**2 - 7*a. What is v(1)?
-12
Let h(q) = 2*q**2 + 11*q + 16. Determine h(-2).
2
Let a(q) = -q**2 + 37*q - 130. Give a(4).
2
Let r(w) = w**3 - 4*w**2 - 5*w - 7. Give r(5).
-7
Let n(l) = -l**2 + 18*l + 94. Calculate n(-5).
-21
Let v(s) = 3*s**2 - 6*s + 5. Determine v(4).
29
Let c(w) = 11*w + 8. Calculate c(-6).
-58
Let v(n) = -n**2 + 15*n - 14. What is v(14)?
0
Let d(v) = -3*v**2 - 10*v - 21. Give d(-6).
-69
Let j(c) = -c - 57. What is j(-29)?
-28
Let s(w) = w**2 - 101*w + 388. Give s(4).
0
Let i(m) = m + 34. Give i(0).
34
Let b(c) = 6*c - 28. What is b(5)?
2
Let n(g) = g**2 - 5*g - 1. Determine n(7).
13
Let q(v) = -v**2 - 9*v + 5. Determine q(-7).
19
Let d(z) = z**3 - 4*z**2 + 2*z - 39. What is d(5)?
-4
Let z(o) = -4*o + 6. What is z(4)?
-10
Let w(f) = 14*f - 53. What is w(3)?
-11
Let w(t) = 2*t**2 - 50*t + 41. What is w(25)?
41
Let j(h) = -43*h**2 + 5*h + 5. What is j(-1)?
-43
Let l(z) = -z**3 - 2*z**2 + 3*z - 3. What is l(-4)?
17
Let w(v) = -82*v**3 - v**2 + v + 2. Determine w(-1).
82
Let x(u) = 3*u - 57. What is x(18)?
-3
Let x(r) = 3*r + 10. Determine x(-5).
-5
Let u(i) = 7*i + 19. Determine u(-3).
-2
Let q(m) = -m - 9. What is q(-3)?
-6
Let q